{"id":275,"date":"2024-12-12T11:00:41","date_gmt":"2024-12-12T14:00:41","guid":{"rendered":"http:\/\/localhost\/tiropunta\/?page_id=275"},"modified":"2025-01-08T16:28:06","modified_gmt":"2025-01-08T19:28:06","slug":"guia","status":"publish","type":"page","link":"https:\/\/www.tiropunta.com\/?page_id=275","title":{"rendered":"Gu\u00eda"},"content":{"rendered":"\n<h3 class=\"wp-block-heading has-accent-color has-text-color has-link-color wp-elements-922d5156c7bf91d858542ae8391f37d6\">Tr\u00e1mite para la Obtenci\u00f3n de la Gu\u00eda de Posesi\u00f3n de Arma<\/h3>\n\n\n\n<p>La <strong>Gu\u00eda de Posesi\u00f3n de Armas<\/strong> es el tr\u00e1mite que se realiza para obtener la gu\u00eda que certifica la posesi\u00f3n legal de un arma a nombre de su titular. Esta gu\u00eda es un documento oficial que vincula al propietario con el arma, garantizando que la tenencia cumple con las normativas legales.<\/p>\n\n\n\n<h4 class=\"wp-block-heading has-accent-color has-text-color has-link-color wp-elements-24be0bd8606f17746b9c7684fe9b2fa3\">Requisitos para la solicitud de la Gu\u00eda de Posesi\u00f3n de Armas:<\/h4>\n\n\n\n<ol class=\"wp-block-list\">\n<li><strong>Ser mayor de 18 a\u00f1os<\/strong>: El solicitante debe ser mayor de edad.<\/li>\n\n\n\n<li><strong>C\u00e9dula de Identidad vigente y fotocopia<\/strong>: El solicitante debe presentar su c\u00e9dula de identidad en buen estado y una fotocopia de la misma.<\/li>\n\n\n\n<li><strong>Constancia de domicilio<\/strong>: El solicitante debe presentar una constancia de domicilio a su nombre, con fecha de expedici\u00f3n no mayor a 60 d\u00edas. Aceptados son documentos como fotocopia de un recibo de UTE, OSE, ANTEL, etc., o un Certificado de la Seccional Policial correspondiente.<\/li>\n\n\n\n<li><strong>Original y fotocopia del T\u00edtulo de Habilitaci\u00f3n para Adquisici\u00f3n y Tenencia de Armas (THATA)<\/strong>: El solicitante debe presentar el THATA vigente, expedido por el Ministerio del Interior.<\/li>\n\n\n\n<li><strong>Formulario GA01<\/strong>: El solicitante debe completar y presentar el formulario GA01, que se encuentra disponible como archivo adjunto al proceso de solicitud.<\/li>\n\n\n\n<li><strong>Para Oficiales de las Fuerzas Armadas o del Ministerio del Interior<\/strong>: Si el solicitante es un oficial en actividad o en retiro, deber\u00e1 presentar una fotocopia del carn\u00e9 militar o el comprobante de grado actualizado.<\/li>\n\n\n\n<li><strong>Registro de armas nuevas<\/strong>: Las armas nuevas deben ser registradas a trav\u00e9s de los locales comerciales (armer\u00edas), presentando la factura y\/o remito de compra.<\/li>\n\n\n\n<li><strong>Para armas usadas<\/strong>: El solicitante debe presentar una Declaraci\u00f3n Jurada que justifique la procedencia del arma, detallando el nombre, C\u00e9dula de Identidad y v\u00ednculo entre las personas involucradas. Si el arma proviene de un propietario fallecido, se deber\u00e1 presentar la partida de defunci\u00f3n correspondiente.<\/li>\n\n\n\n<li><strong>Armas sin gu\u00eda o de origen desconocido<\/strong>: Si el arma no cuenta con gu\u00eda y se desconoce su origen, se deber\u00e1 presentar para su inspecci\u00f3n ante la Divisi\u00f3n correspondiente.<\/li>\n\n\n\n<li><strong>Registro como Coleccionista de Armas<\/strong>: Si el solicitante tiene m\u00e1s de 8 armas a su nombre, deber\u00e1 registrarse como Coleccionista de Armas, de acuerdo con el Decreto 345\/020 del 18 de diciembre de 2020.<\/li>\n<\/ol>\n\n\n\n<h4 class=\"wp-block-heading has-accent-color has-text-color has-link-color wp-elements-5298a7e59d7c40875e4e3418a2d90a0f\">Otros datos de inter\u00e9s:<\/h4>\n\n\n\n<ul class=\"wp-block-list\">\n<li><strong>Vigencia de la Gu\u00eda<\/strong>: La Gu\u00eda de Posesi\u00f3n de Armas tiene una vigencia de <strong>10 a\u00f1os<\/strong> a partir de su fecha de expedici\u00f3n.<\/li>\n\n\n\n<li><strong>Agendar cita<\/strong>: El solicitante puede agendar un d\u00eda y hora para realizar el tr\u00e1mite ingresando en el bot\u00f3n \u00abIniciar tr\u00e1mite en l\u00ednea\u00bb o a trav\u00e9s del correo electr\u00f3nico: <strong><a>tramitesrna@ejercito.mil.uy<\/a><\/strong>.<\/li>\n<\/ul>\n","protected":false},"excerpt":{"rendered":"<p>Tr\u00e1mite para la Obtenci\u00f3n de la Gu\u00eda de Posesi\u00f3n de Arma La Gu\u00eda de Posesi\u00f3n de Armas es el tr\u00e1mite que se realiza para obtener la gu\u00eda que certifica la posesi\u00f3n legal de un arma a nombre de su titular. Esta gu\u00eda es un documento oficial que vincula al propietario con el arma, garantizando que [&hellip;]<\/p>\n","protected":false},"author":2,"featured_media":0,"parent":0,"menu_order":0,"comment_status":"closed","ping_status":"closed","template":"","meta":{"footnotes":""},"class_list":["post-275","page","type-page","status-publish","hentry"],"_links":{"self":[{"href":"https:\/\/www.tiropunta.com\/index.php?rest_route=\/wp\/v2\/pages\/275","targetHints":{"allow":["GET"]}}],"collection":[{"href":"https:\/\/www.tiropunta.com\/index.php?rest_route=\/wp\/v2\/pages"}],"about":[{"href":"https:\/\/www.tiropunta.com\/index.php?rest_route=\/wp\/v2\/types\/page"}],"author":[{"embeddable":true,"href":"https:\/\/www.tiropunta.com\/index.php?rest_route=\/wp\/v2\/users\/2"}],"replies":[{"embeddable":true,"href":"https:\/\/www.tiropunta.com\/index.php?rest_route=%2Fwp%2Fv2%2Fcomments&post=275"}],"version-history":[{"count":3,"href":"https:\/\/www.tiropunta.com\/index.php?rest_route=\/wp\/v2\/pages\/275\/revisions"}],"predecessor-version":[{"id":434,"href":"https:\/\/www.tiropunta.com\/index.php?rest_route=\/wp\/v2\/pages\/275\/revisions\/434"}],"wp:attachment":[{"href":"https:\/\/www.tiropunta.com\/index.php?rest_route=%2Fwp%2Fv2%2Fmedia&parent=275"}],"curies":[{"name":"wp","href":"https:\/\/api.w.org\/{rel}","templated":true}]}}