{"id":17,"date":"2024-12-11T11:04:21","date_gmt":"2024-12-11T14:04:21","guid":{"rendered":"http:\/\/localhost\/tiropunta\/?page_id=17"},"modified":"2025-01-08T16:30:39","modified_gmt":"2025-01-08T19:30:39","slug":"acerca-de","status":"publish","type":"page","link":"https:\/\/www.tiropunta.com\/?page_id=17","title":{"rendered":"Pol\u00edgono"},"content":{"rendered":"\n<hr class=\"wp-block-separator has-text-color has-primary-color has-alpha-channel-opacity has-primary-background-color has-background is-style-wide\"\/>\n\n\n\n<p>Punta del Este Shooting Range es el \u00fanico pol\u00edgono de tiro autorizado en la regi\u00f3n este del pa\u00eds. Se encuentra a solo 15 km del centro de la ciudad, sobre la Ruta 39, km 12.500, accediendo por el Camino Las Rosas.<\/p>\n\n\n\n<p>En nuestras instalaciones, ofrecemos una amplia variedad de armas de fuego disponibles tanto en paquetes predefinidos como a la carta, para que puedas disfrutar de una experiencia \u00fanica. Tanto locales como turistas, nacionales e internacionales, tienen la oportunidad de experimentar la emoci\u00f3n de disparar en un entorno seguro y privado, siempre bajo la supervisi\u00f3n de instructores altamente capacitados.<\/p>\n\n\n\n<h4 class=\"wp-block-heading has-text-align-center has-background-background-color has-text-color has-background has-link-color wp-elements-1bf80754dc8da4b91fec6bc1f164d6f7\" style=\"color:#c33e12\">Como funciona<\/h4>\n\n\n\n<p>Al llegar, ser\u00e1 recibido por nuestro equipo de ventas, quienes le presentar\u00e1n el men\u00fa de experiencias y le brindar\u00e1n orientaci\u00f3n para elegir el paquete de tiro que mejor se adapte a sus intereses y nivel de experiencia.<\/p>\n\n\n\n<p>Una vez seleccionado su paquete, un experto en armas de fuego lo guiar\u00e1 a trav\u00e9s de una sesi\u00f3n de entrenamiento inicial utilizando r\u00e9plicas de pistolas. Durante esta fase, aprender\u00e1 la postura correcta para disparar y se le explicar\u00e1n las normas de seguridad esenciales para una experiencia segura y controlada en el pol\u00edgono.<\/p>\n\n\n\n<p>Luego, se le proporcionar\u00e1 equipo de protecci\u00f3n auditiva y visual, y se le llevar\u00e1 al campo de tiro. Su especialista en armas de fuego estar\u00e1 a su lado en todo momento, supervisando cada disparo y proporcion\u00e1ndole detalles sobre el funcionamiento y manejo de cada arma.<\/p>\n\n\n\n<p>\u00a1No se preocupe por los recuerdos! Los dem\u00e1s miembros de su grupo podr\u00e1n tomar fotos y videos de su experiencia mientras demuestra sus habilidades de tiro.<\/p>\n\n\n\n<p>Todos nuestros paquetes incluyen protecci\u00f3n para los ojos y o\u00eddos, objetivos y una sesi\u00f3n de instrucci\u00f3n personalizada a cargo de un especialista en armas de fuego.<\/p>\n\n\n\n<p>Cada paquete es de uso exclusivo por persona; no se comparten paquetes.<\/p>\n\n\n\n<h4 class=\"wp-block-heading has-text-align-center has-background-background-color has-text-color has-background has-link-color wp-elements-c694c910bd6b419c8c574e2f9ae25578\" style=\"color:#c33e12\">Instalaciones<\/h4>\n\n\n\n<p>En Punta del Este Shooting Range, contamos con modernas y completas instalaciones para ofrecerte una experiencia de tiro \u00fanica. Entre nuestras principales caracter\u00edsticas, encontrar\u00e1s:<\/p>\n\n\n\n<ul class=\"wp-block-list\">\n<li><strong>Pedanas de Tiro Pr\u00e1ctico<\/strong>: Espacios dise\u00f1ados para simulaciones din\u00e1micas de tiro, ideales para mejorar tus habilidades en escenarios de acci\u00f3n.<\/li>\n\n\n\n<li><strong>L\u00edneas de Tiro de 50 m y 100 m<\/strong>: Carriles de tiro de diferentes distancias para adaptarse a diversas disciplinas y niveles de habilidad.<\/li>\n\n\n\n<li><strong>M\u00e1quinas de Tiro al Plato<\/strong>: Equipamiento de \u00faltima generaci\u00f3n para disfrutar del emocionante reto de disparar a platos en movimiento.<\/li>\n\n\n\n<li><strong>Club House<\/strong>: Un \u00e1rea c\u00f3moda y relajante donde podr\u00e1s descansar, socializar y disfrutar de un ambiente \u00fanico despu\u00e9s de tu sesi\u00f3n de tiro.<\/li>\n\n\n\n<li><strong>Shooting Paintball<\/strong>: Para quienes buscan una experiencia de tiro m\u00e1s divertida y din\u00e1mica, ofrecemos la opci\u00f3n de Paintball, ideal para grupos y actividades en equipo.<\/li>\n<\/ul>\n\n\n\n<p>Cada una de nuestras instalaciones est\u00e1 pensada para brindarte seguridad, comodidad y una experiencia inolvidable.<\/p>\n\n\n\n<div class=\"wp-block-columns is-layout-flex wp-container-core-columns-is-layout-9d6595d7 wp-block-columns-is-layout-flex\">\n<div class=\"wp-block-column is-layout-flow wp-block-column-is-layout-flow\">\n<figure class=\"wp-block-image alignfull size-large\"><img loading=\"lazy\" decoding=\"async\" width=\"1024\" height=\"576\" src=\"http:\/\/localhost\/tiropunta\/wp-content\/uploads\/2024\/12\/2-1024x576.jpg\" alt=\"\" class=\"wp-image-149\" srcset=\"https:\/\/www.tiropunta.com\/wp-content\/uploads\/2024\/12\/2-1024x576.jpg 1024w, https:\/\/www.tiropunta.com\/wp-content\/uploads\/2024\/12\/2-600x338.jpg 600w, https:\/\/www.tiropunta.com\/wp-content\/uploads\/2024\/12\/2-300x169.jpg 300w, https:\/\/www.tiropunta.com\/wp-content\/uploads\/2024\/12\/2-768x432.jpg 768w, https:\/\/www.tiropunta.com\/wp-content\/uploads\/2024\/12\/2-1536x864.jpg 1536w, https:\/\/www.tiropunta.com\/wp-content\/uploads\/2024\/12\/2-1200x675.jpg 1200w, https:\/\/www.tiropunta.com\/wp-content\/uploads\/2024\/12\/2-888x500.jpg 888w, https:\/\/www.tiropunta.com\/wp-content\/uploads\/2024\/12\/2-620x349.jpg 620w, https:\/\/www.tiropunta.com\/wp-content\/uploads\/2024\/12\/2-400x225.jpg 400w, https:\/\/www.tiropunta.com\/wp-content\/uploads\/2024\/12\/2.jpg 1920w\" sizes=\"auto, (max-width: 1024px) 100vw, 1024px\" \/><\/figure>\n<\/div>\n<\/div>\n","protected":false},"excerpt":{"rendered":"<p>Punta del Este Shooting Range es el \u00fanico pol\u00edgono de tiro autorizado en la regi\u00f3n este del pa\u00eds. Se encuentra a solo 15 km del centro de la ciudad, sobre la Ruta 39, km 12.500, accediendo por el Camino Las Rosas. En nuestras instalaciones, ofrecemos una amplia variedad de armas de fuego disponibles tanto en [&hellip;]<\/p>\n","protected":false},"author":2,"featured_media":0,"parent":0,"menu_order":0,"comment_status":"closed","ping_status":"closed","template":"","meta":{"footnotes":""},"class_list":["post-17","page","type-page","status-publish","hentry"],"_links":{"self":[{"href":"https:\/\/www.tiropunta.com\/index.php?rest_route=\/wp\/v2\/pages\/17","targetHints":{"allow":["GET"]}}],"collection":[{"href":"https:\/\/www.tiropunta.com\/index.php?rest_route=\/wp\/v2\/pages"}],"about":[{"href":"https:\/\/www.tiropunta.com\/index.php?rest_route=\/wp\/v2\/types\/page"}],"author":[{"embeddable":true,"href":"https:\/\/www.tiropunta.com\/index.php?rest_route=\/wp\/v2\/users\/2"}],"replies":[{"embeddable":true,"href":"https:\/\/www.tiropunta.com\/index.php?rest_route=%2Fwp%2Fv2%2Fcomments&post=17"}],"version-history":[{"count":11,"href":"https:\/\/www.tiropunta.com\/index.php?rest_route=\/wp\/v2\/pages\/17\/revisions"}],"predecessor-version":[{"id":436,"href":"https:\/\/www.tiropunta.com\/index.php?rest_route=\/wp\/v2\/pages\/17\/revisions\/436"}],"wp:attachment":[{"href":"https:\/\/www.tiropunta.com\/index.php?rest_route=%2Fwp%2Fv2%2Fmedia&parent=17"}],"curies":[{"name":"wp","href":"https:\/\/api.w.org\/{rel}","templated":true}]}}